. Calculate k(-41).
266
Let r(x) = 500*x**2 - 38502*x + 224. Calculate r(77).
70
Let p(f) = 69441*f + 7430194. What is p(-107)?
7
Let a(z) = 891*z + 104690. Give a(-116).
1334
Let s(h) = -1082*h**3 - 789861*h**2 - 730*h - 1. What is s(-730)?
-1
Let j(t) = 6772*t - 20234. Determine j(3).
82
Let b(d) = -d**2 - 46*d + 514. What is b(14)?
-326
Let q(p) = 24*p - 1858. Calculate q(78).
14
Let u(s) = s**3 - 74*s**2 + 2340*s - 181143. What is u(75)?
-18
Let u(h) = -h**2 - 4759*h - 23744. What is u(-5)?
26
Let j(n) = 911*n - 5444. Determine j(6).
22
Let w(r) = -10*r**3 - 40*r**2 - 1617*r - 6497. Give w(-4).
-29
Let t(k) = -80*k**3 - 89*k**2 + 97*k - 8. Calculate t(1).
-80
Let n(r) = -r**2 - 12*r - 773. What is n(0)?
-773
Let w(i) = -i**3 + 23*i**2 + 130*i - 3384. What is w(22)?
-40
Let p(b) = -70*b**2 + 4365*b - 1539. Determine p(62).
11
Let n(y) = 2*y**3 - 6*y**2 + 1600*y - 6437. Determine n(4).
-5
Let d(x) = 11*x**3 + 35*x**2 - 87*x - 186. Calculate d(-4).
18
Let l(b) = 362*b - 12922. What is l(36)?
110
Let c(j) = 618*j + 320093. Calculate c(-518).
-31
Let s(l) = 941*l - 142092. Give s(151).
-1
Let o(t) = t**3 - 386*t**2 + 2114*t - 79627. Calculate o(381).
2
Let y(s) = -16*s**2 + 1044*s + 94192. Give y(116).
0
Let x(s) = -3*s**3 - 90*s**2 - 388*s - 3916. Calculate x(-27).
-1
Let d(f) = 194*f**2 + 268*f - 981. Give d(-3).
-39
Let v(u) = -u**3 + 889*u**2 - 13963*u - 88. What is v(16)?
-8
Let x(g) = -19*g**2 - 2081*g - 1091. What is x(-109)?
-1
Let m(w) = 3*w**3 - 1003*w**2 - 4731*w - 5194. Calculate m(339).
-109
Let l(o) = -127*o + 8214. Give l(66).
-168
Let r(h) = -h**3 + 12*h**2 - 27*h + 230. Determine r(11).
54
Let g(j) = -2981*j**2 - 491856*j + 1495. What is g(-165)?
10
Let v(j) = 67*j**2 - 30963*j + 4166. Determine v(462).
8
Let b(v) = -34910*v - 384047. What is b(-11)?
-37
Let x(n) = -136*n - 922. Calculate x(-5).
-242
Let u(j) = 8650*j + 346001. Give u(-40).
1
Let b(g) = -71237*g - 284917. What is b(-4)?
31
Let c(v) = v**2 + 12666*v - 904523. What is c(71)?
-196
Let r(s) = -17*s**3 - 485*s**2 + 234*s - 107. Determine r(-29).
-165
Let o(s) = 2*s**3 - 191*s**2 + 236*s + 4315. Calculate o(94).
-9
Let g(r) = 15*r - 729. Give g(18).
-459
Let g(p) = 56*p**2 - 26778*p + 4811. Determine g(478).
31
Let h(r) = -3*r**3 - 21*r**2 - 82*r - 387. What is h(-7)?
187
Let m(s) = -s**3 - 140*s**2 + 6759*s - 881. Calculate m(-178).
9
Let o(q) = q**2 + 97*q + 1426. Give o(-44).
-906
Let w(o) = o**3 + 35*o**2 + 289*o + 281. Determine w(-23).
-18
Let a(i) = -881108*i + 63439780. What is a(72)?
4
Let n(k) = k**3 + 147*k**2 - 126*k + 2983. Give n(-148).
-273
Let r(c) = 11*c**2 - 2906*c - 1959. What is r(265)?
426
Let a(m) = -120*m + 9780. What is a(86)?
-540
Let s(x) = 2*x**2 + 535*x - 44888. Determine s(67).
-65
Let l(m) = -12*m**3 + 2*m**2 - 27*m - 6. What is l(-6)?
2820
Let h(r) = -r**3 - 82*r**2 + 292*r + 98. Give h(4).
-110
Let j(y) = y**2 + 977*y + 169720. Calculate j(-751).
-6
Let s(m) = -253*m - 3028. What is s(-12)?
8
Let z(p) = -104*p + 571. What is z(4)?
155
Let w(z) = -3*z**3 + 6*z**2 + 677*z + 2005. Give w(-3).
109
Let a(p) = -p**3 + 15*p**2 - 493*p + 7882. Determine a(15).
487
Let k(p) = -p**3 + 15*p**2 - 5097*p + 20296. Determine k(4).
84
Let a(r) = r**3 - 13*r**2 - 186*r - 80. Determine a(-8).
64
Let w(p) = p**2 - p - 1147. What is w(16)?
-907
Let q(y) = 536*y**2 + 165624*y - 13. Calculate q(-309).
-13
Let b(v) = -6897*v - 40865. Determine b(-6).
517
Let n(y) = -21312*y - 1214776. Calculate n(-57).
8
Let h(g) = g**2 + 41*g - 2094. What is h(-69)?
-162
Let c(t) = -28*t**2 + 4559*t - 8210. What is c(161)?
1
Let f(g) = -137*g - 21227. Calculate f(-143).
-1636
Let p(x) = -24033*x - 240337. Determine p(-10).
-7
Let u(p) = 4438*p + 65342. Determine u(-15).
-1228
Let x(b) = 68*b**2 - 139*b - 452. Determine x(-3).
577
Let q(o) = 2365*o - 8576. Give q(4).
884
Let h(c) = c**3 + 10*c**2 + 98*c + 172. What is h(-2)?
8
Let o(n) = 937*n**2 + 63717*n + 2. Give o(-68).
-66
Let q(b) = b**3 + 3*b**2 - 4*b - 500. What is q(7)?
-38
Let t(g) = -57157*g - 5029823. Determine t(-88).
-7
Let k(v) = 8120*v - 73088. Determine k(9).
-8
Let g(v) = 64*v**2 - 1141*v + 4810. Calculate g(11).
3
Let p(y) = 106*y**2 - 1000*y + 431. Give p(9).
17
Let t(s) = s**3 - 346*s**2 + 1292*s + 25996. Calculate t(342).
4
Let c(x) = 4*x**3 - 24*x**2 - 16*x. What is c(-3)?
-276
Let t(h) = 26*h**2 + 135*h + 429. Calculate t(-11).
2090
Let a(d) = 6503*d - 51950. Determine a(8).
74
Let w(c) = -64*c**2 - 2662*c - 1942. Give w(-41).
-384
Let p(v) = -v**3 - 89*v**2 + 592*v + 66637. Determine p(-87).
-5
Let l(n) = n**3 + 42*n**2 + 209*n - 5264. Give l(-28).
-140
Let u(r) = -28*r**2 - 1556*r + 50597. Give u(23).
-3
Let l(d) = 46605*d + 186408. Determine l(-4).
-12
Let x(m) = 3*m**2 - 141173*m - 564734. Determine x(-4).
6
Let v(o) = 3820*o + 3235. Calculate v(-1).
-585
Let c(o) = 1019*o - 186568. What is c(183)?
-91
Let f(m) = 9*m**3 - 91*m**2 + 476*m + 25. Determine f(6).
1549
Let m(q) = -q**3 + 125*q**2 + 2897*q + 541. What is m(145)?
106
Let t(k) = 47*k**2 - 11725*k - 72042. Calculate t(-6).
0
Let v(z) = z**3 + 196*z**2 - 324*z - 25040. Determine v(-197).
-21
Let h(o) = -o**3 + 20*o**2 + 195*o + 260. Determine h(-6).
26
Let q(w) = -w**3 + 168*w**2 - 7040*w - 454. Calculate q(81).
113
Let n(w) = -4*w**3 + 7*w**2 - 242*w - 506. What is n(-2)?
38
Let o(y) = y**3 + 11*y**2 + 10242*y + 133483. Give o(-13).
-1
Let i(u) = u**3 - 35*u**2 - 52*u + 126. What is i(37)?
940
Let i(d) = 23*d**2 + 1328*d - 195. What is i(-58)?
153
Let c(a) = 79*a + 2538. Determine c(-60).
-2202
Let t(f) = -3*f**3 - 242*f**2 - 174*f - 880. Calculate t(-80).
240
Let u(b) = 26*b**2 + 235*b - 198. What is u(4)?
1158
Let y(b) = -b**3 - 55*b**2 - 353*b + 175. What is y(-47)?
-906
Let k(g) = -12*g**3 + 382*g**2 + 542*g - 15174. Give k(32).
122
Let z(a) = -23*a**2 + 82*a + 554. Determine z(7).
1
Let o(k) = -k**3 - 620*k**2 - 4270*k + 96. Calculate o(-7).
-51
Let m(h) = -2769*h + 33192. Give m(12).
-36
Let d(t) = -1009*t + 62608. What is d(62)?
50
Let u(g) = -103*g**2 + 3463*g - 2119. Determine u(33).
-7
Let b(n) = -2*n**3 + 140*n**2 + 247*n - 18050. What is b(70)?
-760
Let j(s) = 9154*s + 485165. What is j(-53)?
3
Let y(a) = a**3 - 237*a**2 + 504*a - 9246. Calculate y(235).
-1256
Let c(t) = -4753*t + 57038. Determine c(12).
2
Let g(h) = -3*h**3 - 89*h**2 + 440*h + 1. Give g(-34).
69
Let k(v) = 108*v**2 + 2457*v + 1629. Calculate k(-22).
-153
Let p(x) = x**2 - 531404*x - 2657036. Give p(-5).
9
Let z(o) = o**3 - 7*o**2 + 5*o + 148. Determine z(13).
1227
Let r(o) = 2459*o + 873171. Calculate r(-355).
226
Let a(z) = 79172*z + 79166. Determine a(-1).
-6
Let g(o) = o**2 + 24*o - 445. Give g(-24).
-445
Let i(j) = 25200*j - 151649. What is i(6)?
-449
Let n(v) = 17*v - 931. What is n(36)?
-319
Let x(z) = -734*z**2 - 9556*z + 21. Give x(-13).
203
Let r(y) = 174*y**2 - 920*y - 6. Determine r(3).
-1200
Let q(c) = -1092*c - 80977. Determine q(-74).
-169
Let b(t) = t**3 - 305*t**2 + 6767*t - 6481. Determine b(281).
-18
Let t(a) = -6426*a + 25894. Give t(4).
190
Let t(r) = -2*r**3 + 145*r**2 + 16304*r - 1190073. Give t(74).
-5
Let o(x) = -24975*x + 199806. What is o(8)?
6
Let t(b) = -59*b**2 + 986*b - 21. What is t(16)?
651
Let o(b) = -b**2 + 834*b + 12049. Give o(-14).
177
Let c(j) = 18*j - 366. Determine c(-11).
-564
Let g(s) = 130*s**3 + 863*s**2 - 311*s + 146. Determine g(-7).
20
Let f(z) = 2*z**2 - 35271*z + 458188. What is f(13)?
3
Let h(l) = 427173*l - 76036788. Give h(178).
6
Let q(p) = 517*p + 8346. What is q(-16)?
74
Let x(f) = 35*f**2 + 592*f + 133. What is x(-17)?
184
Let c(t) = t**2 + 493*t + 55466. What is c(-320)?
106
Let k(v) = -6*v**2 - 60*v + 308. Give k(-16).
-268
Let x(h) = 6*h**3 + 5*h**2 + 139*h - 422. Give x(3).
202
Let g(v) = 126*v - 2166. Calculate g(19).
228
Let v(z) = -66*z**2 - 2966*z + 193. What is v(-45)?
13
Let o(q) = -2*q**2 + 41*q + 138915. Determine o(274).
-3
Let s(w) = -1914*w + 430652. What is s(225)?
2
Let b(v) = 16*v**2 + 61*v - 121. Calculate b(5).
584
Let r(o) = 1192633*o - 4770529. Determine r(4).
3
Let t(q) = q**3 - 60*q**2 + 27*q - 1509. Calculate t(60).
111
Let a(i) = 722*i**2 + 2929*i + 158. Calculate a(-4).
-6
Let q(k) = 99*k + 15288. Give q(-156).
-156
Let o(m) = 8*m**2 + 20592*m + 790918. Calculate o(-39).
-2